et i(d) = 23*d**2 + 6*d + 20. Let o(c) = -6*i(c) - 17*w(c). Give o(-2).
-5
Let r(x) = 4*x**2 - 4*x + 3. Let s be r(1). Let v(g) = -3*g - 2. Calculate v(s).
-11
Let m(s) = -9*s - s**3 - 7 + 9*s - s**2. What is m(0)?
-7
Let j(k) = 10*k - 13. Let c(u) = -7*u + 9. Let a(s) = 7*c(s) + 5*j(s). Let y = 12 - 6. Determine a(y).
4
Let q(l) = 2*l - 6. Suppose 2*b - 2*t = 10, -2*t = 3 - 1. Suppose 2*u + 2*u - 22 = -d, -4*d = -5*u - b. What is q(d)?
6
Let v(n) = -n**3 + n**2 - 4*n + 5. Let j be v(2). Let o(z) = -z**3 - 8*z**2 - 8*z - 6. Calculate o(j).
1
Let j be (-6)/3*(6/(-4))/3. Let o(f) = -5*f. Determine o(j).
-5
Let p(c) = 9*c - 6. Suppose -20 - 4 = 2*g. Let t(h) = -h + 1. Let v(j) = j - 1. Let i(u) = 5*t(u) + 6*v(u). Let l(o) = g*i(o) + p(o). Determine l(4).
-6
Suppose 3*p + 121 = w - 2*w, -w + 47 = -p. Let t = p - -22. Let q be 15/t + (-1)/4. Let f(i) = -i - 1. Determine f(q).
0
Let g(l) = l**3 - 2*l**2 - 2*l + 3. Let v = -7 - 0. Let n = 0 - v. Let p be (-4)/n*14/(-4). What is g(p)?
-1
Let u(g) = -6*g - 2. Let h be u(3). Let f = 26 + h. Let z(b) = b**2 - 6*b - 7. Calculate z(f).
-7
Suppose -2*j - 2 = i, -3*j - 3 + 18 = -3*i. Let t(c) = c**2 + 3*c - 3. Determine t(i).
1
Let g be 240/36 - (1 + 2/(-6)). Let f(u) be the first derivative of -u**4/4 + 7*u**3/3 - 5*u**2/2 - 4*u + 1. Calculate f(g).
2
Suppose -4*c = -4*g - 16, -2*c + 3*c + 2 = -5*g. Let r(j) = -36*j + 18*j**3 + j**2 + 1 - 3*j**3 + 37*j. Give r(g).
-14
Let r(j) be the first derivative of -7*j**3 - j**2 + j + 1. Give r(1).
-22
Let y(d) be the third derivative of 1/120*d**6 + 1/3*d**3 - 1/60*d**5 - 1/8*d**4 + 0 + 0*d + 3*d**2. What is y(2)?
0
Let u(i) = -i**3 - 2*i**2 - 3*i - 1. Let o be 4/14 + (-304)/133. Give u(o).
5
Let h be (1 + 0)*(4 + -2). Let j = 2 + h. Suppose a + 10 = b, -2*b + 7*b = j*a + 45. Let n(f) = -f**2 + 7*f - 6. Determine n(b).
4
Let a(u) = -u**2 + 5*u + 7. Let s(b) = 5*b - 35. Let j be s(8). Give a(j).
7
Let s(h) = -2*h**2 - h - 2. Let x = 131 - 133. Calculate s(x).
-8
Let q(c) = 3*c + 2. Let t be q(-2). Let h = 5 + t. Suppose 2*s - 7 - h = 0. Let m(i) = i**3 - 4*i**2 - i + 5. What is m(s)?
1
Suppose 6*u - u = 0. Suppose u = -f - 1 - 0, -4*x + 4*f + 16 = 0. Let b(r) = 2*r**3 - x*r**3 - 6*r + r**2 - 8*r**2 - 2. What is b(-6)?
-2
Let i(c) = c**2 - 4*c - 6. Suppose 0 = -3*m + q - 5, 5*q + 5 = 3*m + 2*m. Let u = -15 + m. Let g = -13 - u. Calculate i(g).
-1
Let y(i) = 40 - 23 - 5*i**2 + i**3 - 15. Let o(k) = k**2 + 1. Let g be o(-2). Give y(g).
2
Let g(h) = 6*h**2 - 1. Let y be g(1). Suppose -4 = -3*i + y. Let v(k) = -k**2 + 3*k - 4. Let l be v(i). Let x(z) = -z**3 - 5*z**2 - 4*z - 6. What is x(l)?
-6
Let x(w) = -5*w**2 - 1. Let n(c) = -c**2 + c. Let t(i) = 4*n(i) - x(i). Give t(-5).
6
Let r(v) be the third derivative of -v**4/12 - 7*v**3/6 - 19*v**2 + 2. Give r(-6).
5
Suppose 4*s = -s. Suppose s = 5*b + 3*d + 20, -4*d = 2*b - 3*d + 8. Let c(y) = -2*y - 6. Let j(h) = -h - 5. Let z(g) = 3*c(g) - 4*j(g). What is z(b)?
10
Let g = 10 + -5. Let a = g + 0. Let f(m) = -m**3 + 3*m**2 + 8*m - 3. Give f(a).
-13
Suppose 4*d + 2*l + 5 = 9, 10 = 4*d - l. Let v(h) = 2*h**d + 0*h + h - h**2. Let b be v(-1). Let p(j) = -j**2 + j + 4. Give p(b).
4
Let y(b) = b**2 - 6*b - 6. Let j(u) = -u**2 + 6*u + 7. Let c(k) = -6*j(k) - 7*y(k). What is c(6)?
0
Let a(k) = 9*k**3 - k**2 + 9*k + 3. Let i(h) be the first derivative of 5*h**4/4 - h**3/3 + 5*h**2/2 + 2*h - 3. Let v(m) = 6*a(m) - 11*i(m). Calculate v(5).
-9
Let n(s) = s**2 - 6*s + 5. Let g = -22 + 26. Calculate n(g).
-3
Let p(s) = -s - 2. Suppose 0 = -3*x - 12, -31 = -3*i - 3*x - 2*x. Suppose 0 = -z + i + 8. Suppose 2*b + z = 7*b. Calculate p(b).
-7
Let o be 1/(-4) - (-6)/(-8). Let l be 0 + (1 - o) - -2. Let c(d) = l + 1 - d - 5. Determine c(0).
0
Suppose 5*d + f - 48 = d, 0 = d + f - 12. Suppose -d = -w + 5*w. Let u(q) be the first derivative of q**4/4 + q**3 + q**2/2 - 2*q + 2. Give u(w).
-5
Let s(n) be the third derivative of -n**4/24 - n**3/3 - 12*n**2. Calculate s(5).
-7
Suppose 0 = -2*v + 8 - 4. Let l(d) = 0 + 9 + v*d - 5. Give l(-5).
-6
Let k(u) = u**3 - u**2 - 2*u. Let c(o) = -5*o - 2. Let w be c(1). Let s = 5 + w. Give k(s).
-8
Let b(t) = -2*t + 7. Let m(x) = 6*x - 20. Let y(g) = -11*b(g) - 4*m(g). Suppose -3*d + 22 - 1 = 3*n, -2*n + 2*d + 22 = 0. Suppose -20 = 4*i - n*i. Give y(i).
-5
Let j(s) = -4*s**3 + 10*s**2 + 2*s + 2. Let x(l) = 4*l**2 + 3 - 4 + l**3 - 5*l**2 + 2. Let y(i) = j(i) + 5*x(i). Let g = -4 + -1. What is y(g)?
-3
Let q(r) be the first derivative of -r**3/3 + 5*r**2/2 + r - 1. Let c = -1 + 6. Determine q(c).
1
Let z(s) = s - 1. Let m be z(4). Let o(u) be the third derivative of -u**5/60 - u**3/6 + u**2. Determine o(m).
-10
Let c = 2 + 0. Suppose 0 = -6*p + c*p + 8. Let a(s) = 0*s - 2*s + 4*s**2 - 1 - s**p + 3*s**2. Determine a(-1).
7
Let x(j) be the second derivative of j**3/3 - 5*j**2/2 - 10*j. Calculate x(6).
7
Let i(k) = k**2 + k + 7. Let t(s) = s - 1. Let w be t(3). Suppose 6*h - 4*y = 3*h - 8, -4*h + w*y - 4 = 0. Give i(h).
7
Let z(b) = b**3 + b**2 + b. Let j(l) = -4*l**3 - 5*l**2 + 2*l + 2. Let c(q) = -j(q) - 3*z(q). Determine c(-3).
4
Let r(d) = -d**2. Let s be 0/(4 - (-4)/(-2)). Suppose s = g + 3*g. Suppose -4*x = -3*v - 8, g = 5*v - 6*x + 2*x + 8. What is r(v)?
0
Let i(x) be the third derivative of x**6/120 + x**5/30 - x**4/24 + x**3/3 + 6*x**2. What is i(-2)?
4
Let h(j) = -2*j + 3. Let b(t) = 4*t - 3 + 2*t - 5*t. Let c(z) = -4*b(z) - 3*h(z). Let g be 2 + -3 + -2 + 0. Determine c(g).
-3
Suppose r = -r + 4*t - 10, -3*r = -2*t - 1. Let z(o) = -o**3 + 4*o**2 + 2. Calculate z(r).
11
Let i(k) be the second derivative of k**4/12 - 4*k**3/3 - 2*k**2 - k. Give i(8).
-4
Let g(j) = 3 + 4*j - 3*j - 5*j + 0. Calculate g(2).
-5
Let z(b) = -b**3 - 6*b**2 - 6*b - 1. Let h be 6/9*4/((-16)/30). What is z(h)?
4
Let x(u) = -u**3 + 6*u**2 - u + 3. Let f(k) = -2*k**3 + 2*k**2 + 3*k + 3. Let j be f(-2). Let z be 184/(-12) + 2/6. Let w = j + z. Determine x(w).
-3
Let s(h) = -h**3 + 11*h**2 - 10*h + 5. Let b = -50 + 60. Calculate s(b).
5
Let i(s) = 2*s**2 + 3. Let v(r) = r**3 - 5*r**2 + r - 7. Let g(a) = 5*i(a) + 2*v(a). Let u be (3/6)/(2/(-4)). Calculate g(u).
-3
Let o = 0 + -5. Suppose 2*r + 1 = -4*j - 5, 2*j + 9 = r. Let c(z) = -11 + 0*z - z + r. What is c(o)?
-3
Let b(s) = 11 + 0 + 2*s - 3 - 3*s. Let z = 10 - 4. Calculate b(z).
2
Let t(p) = -5*p - p**2 + 3 - 2 - 3*p + 2*p. Calculate t(-6).
1
Let f(n) = -n - 1. Let p(k) = -k**3 + 9*k**2 - 3*k + 13. Let o be p(9). Let j = -7 - o. Suppose h = 5*q + j, -3*q - h + 0 = 1. Calculate f(q).
0
Suppose 0 = -r - 2*z - 13, 0 = -2*r + 6*z - 3*z + 9. Let b be (r + (-30)/(-9))*-6. Let m(q) = -q**3 - q**2 + 4*q + 3. Give m(b).
-1
Let b(c) = c**2 - 2*c - 4. Suppose -6 = -3*h + 12. Let n be h - (-2 + 5 + -1). What is b(n)?
4
Let u(l) = -l**3 + 4*l**2 + 6*l - 3. Let b be u(5). Let k(g) = -5*g**b + g**2 + 6 + 3*g**2 - 4*g. Let i be (-1 - -2) + (-4 - 2). Give k(i).
1
Let t(y) = -8*y**2 + 3*y + 5. Let c(j) = -3*j**2 + j + 2. Let n(k) = 11*c(k) - 4*t(k). Determine n(0).
2
Let c(j) = -5*j**2 + 2*j - 1. Let k(v) = 2*v - 9. Let h be k(5). What is c(h)?
-4
Let w(x) = x**2 + 3 + 7*x**3 - 1 + x - 1. Let u(l) be the first derivative of -l**2 + l - 1. Let s be u(1). What is w(s)?
-6
Let n(k) be the second derivative of k**5/20 + k**4/6 + k**3/3 + k**2 + 6*k. Calculate n(-2).
-2
Let g(v) = 0*v**2 + v**2 - 3*v + v**3 - 4*v**2. Let r = -5 + 8. Give g(r).
-9
Let n(v) = -7*v + 18. Let o(i) = -3*i + 9. Let y(g) = -4*n(g) + 9*o(g). Let q be y(-14). Let p(h) = h + 2. Calculate p(q).
-3
Let f(m) = -m**3 - 8*m**2 - 2*m + 4. Let l(k) = -6*k**3 - 41*k**2 - 10*k + 20. Let q(u) = 11*f(u) - 2*l(u). What is q(6)?
-8
Let f be -2 - (1 + 1 - 6). Let c(l) = -l**3 - f*l + 6*l**2 - 2*l + 0*l + 7 - 3*l. Give c(5).
-3
Let f(k) be the second derivative of -k**4/6 + k**3/3 - k. Suppose 0 = -9*u + 8 + 10. Give f(u).
-4
Suppose 0 = -0*l - 4*l. Let y(i) = i**3 - i**2 + i + 3. Calculate y(l).
3
Let a(s) = s**3 + s - 6*s**2 - 3*s - 4 - 4*s. Give a(7).
3
Suppose -31 = -2*v + 5*m - 5, 2*m - 4 = -4*v. Let w(j) = -j + v + 3*j - 3*j. Suppose -2*b + r = -11, 3*b - 5*r - 16 = 18. Give w(b).
0
Let f be (-2 - (-9)/6)*(0 + -8). Let w(g) be the third derivative of g**5/60 - 5*g**4/24 + 2*g**3/3 + g**2. Calculate w(f).
0
Let p = -38 - -29. Let r(s) = -s - 